{"id":3198,"date":"2024-08-18T18:31:53","date_gmt":"2024-08-18T21:31:53","guid":{"rendered":"https:\/\/cfpc-am.com.br\/?page_id=3198"},"modified":"2024-08-23T10:22:29","modified_gmt":"2024-08-23T13:22:29","slug":"palestra-empreendedorismo-gratuita","status":"publish","type":"page","link":"https:\/\/cfpc-am.com.br\/index.php\/palestra-empreendedorismo-gratuita\/","title":{"rendered":"Oficina Empreendedorismo (Gratuita)"},"content":{"rendered":"\n<p><\/p>\n\n\n\n<p><strong>Empreendedorismo<\/strong><\/p>\n\n\n\n<h1 class=\"wp-block-heading\"><strong><mark style=\"background-color:rgba(0, 0, 0, 0)\" class=\"has-inline-color has-cyan-bluish-gray-color\">Educa\u00e7\u00e3o Profissional <\/mark><\/strong><\/h1>\n\n\n\n<p><\/p>\n\n\n\n<figure class=\"wp-block-image alignwide size-full\"><img loading=\"lazy\" decoding=\"async\" width=\"836\" height=\"324\" src=\"https:\/\/cfpc-am.com.br\/wp-content\/uploads\/2023\/11\/EMPREENDEDORISMO.png\" alt=\"\" class=\"wp-image-1551\" srcset=\"https:\/\/cfpc-am.com.br\/wp-content\/uploads\/2023\/11\/EMPREENDEDORISMO.png 836w, https:\/\/cfpc-am.com.br\/wp-content\/uploads\/2023\/11\/EMPREENDEDORISMO-300x116.png 300w, https:\/\/cfpc-am.com.br\/wp-content\/uploads\/2023\/11\/EMPREENDEDORISMO-768x298.png 768w\" sizes=\"auto, (max-width: 836px) 100vw, 836px\" \/><\/figure>\n\n\n\n<div class=\"wp-block-columns alignwide are-vertically-aligned-center is-layout-flex wp-container-core-columns-is-layout-9d6595d7 wp-block-columns-is-layout-flex\">\n<div class=\"wp-block-column is-vertically-aligned-center is-layout-flow wp-block-column-is-layout-flow\">\n<p style=\"line-height:2\"><strong>Curso Curta Dura\u00e7\u00e3o:<br><\/strong>Oficina Empreendedorismo<\/p>\n<\/div>\n\n\n\n<div class=\"wp-block-column is-vertically-aligned-center is-layout-flow wp-block-column-is-layout-flow\">\n<p style=\"line-height:2\"><strong>Modalidade:<\/strong><br>Presencial<\/p>\n<\/div>\n\n\n\n<div class=\"wp-block-column is-vertically-aligned-center is-layout-flow wp-block-column-is-layout-flow\">\n<div class=\"wp-block-buttons is-layout-flex wp-block-buttons-is-layout-flex\">\n<div class=\"wp-block-button has-custom-width wp-block-button__width-100\"><a class=\"wp-block-button__link has-text-color has-background wp-element-button\" style=\"color:#efefef;background-color:#262626\"><strong>Dura\u00e7\u00e3o:<\/strong> 3 Horas<\/a><\/div>\n<\/div>\n<\/div>\n<\/div>\n\n\n\n<div class=\"wp-block-group alignfull has-background\" style=\"background-color:#f2f0e9\"><div class=\"wp-block-group__inner-container is-layout-flow wp-block-group-is-layout-flow\">\n<div style=\"height:70px\" aria-hidden=\"true\" class=\"wp-block-spacer\"><\/div>\n\n\n\n<div class=\"wp-block-columns alignwide are-vertically-aligned-center is-layout-flex wp-container-core-columns-is-layout-9d6595d7 wp-block-columns-is-layout-flex\">\n<div class=\"wp-block-column is-layout-flow wp-block-column-is-layout-flow\" style=\"flex-basis:50%\">\n<p class=\"has-text-color\" style=\"color:#000000;font-size:30px;line-height:1.1\"><strong>Empreendedorismo<\/strong><\/p>\n<\/div>\n\n\n\n<div class=\"wp-block-column is-layout-flow wp-block-column-is-layout-flow\" style=\"flex-basis:50%\">\n<hr class=\"wp-block-separator has-text-color has-css-opacity has-background is-style-wide\" style=\"background-color:#000000;color:#000000\"\/>\n<\/div>\n<\/div>\n<\/div><\/div>\n\n\n\n<figure class=\"wp-block-table is-style-stripes\"><table><tbody><tr><td><strong>Inscri\u00e7\u00f5es Abertas<\/strong><\/td><\/tr><tr><td>O Centro de Forma\u00e7\u00e3o Profissional de Comunica\u00e7\u00e3o &#8211; CFPC est\u00e1 com as inscri\u00e7\u00f5es abertas para a Oficina em Empreendedorismo. <br><br><strong>Data: <\/strong>26 de agosto; <strong>Carga-hor\u00e1ria<\/strong>: 3 horas; <strong>Hor\u00e1rio:<\/strong> Das 14h \u00e0s 17h; <strong>Modalidade:<\/strong> Presencial, <strong>Valor: <\/strong>Oficina Gratuita com Certificado.<\/td><\/tr><\/tbody><\/table><\/figure>\n\n\n\n<p><\/p>\n\n\n\n<figure class=\"wp-block-table is-style-stripes\"><table><tbody><tr><td><strong>Perfil Profissional<\/strong><\/td><\/tr><tr><td>Conhecimentos interdisciplinares relacionados aos processos de cria\u00e7\u00e3o, envolvendo pesquisa, idealiza\u00e7\u00e3o, planejamento, habilidade de lideran\u00e7a, Foco, adaptabilidade, resili\u00eancia, networking, execu\u00e7\u00e3o t\u00e9cnica, frui\u00e7\u00e3o e recep\u00e7\u00e3o est\u00e9tica.<br><br>Compet\u00eancias comunicativas e empreendedoras voltadas \u00e0 proposi\u00e7\u00e3o de projetos, ao coletivo, \u00e0 gest\u00e3o, \u00e0 solu\u00e7\u00e3o de problemas e \u00e0 resili\u00eancia, entre outras compet\u00eancias socioemocionais.<\/td><\/tr><\/tbody><\/table><\/figure>\n\n\n\n<p><\/p>\n\n\n\n<figure class=\"wp-block-table is-style-stripes\"><table><tbody><tr><td><strong>Conte\u00fado<\/strong><\/td><\/tr><tr><td>Perfil Empreendedor e Neg\u00f3cios, Empreendedorismo&nbsp;Digital, Marketing Pessoal e Portf\u00f3lio, Fotografia e V\u00eddeo para Celular Profiss\u00f5es do Futuro&#8230;<\/td><\/tr><\/tbody><\/table><\/figure>\n\n\n\n<p><\/p>\n\n\n\n<figure class=\"wp-block-table is-style-stripes\"><table><tbody><tr><td><strong>Locais e Ambientes de Trabalho<\/strong><\/td><\/tr><tr><td>Com\u00e9rcios em Geral, sejam f\u00edsicos e\/ou eletr\u00f4nicos<br>Empresas de Telemarketing<br>Empreendedor da \u00c1rea de Vendas<br>Empresas de Pequeno, M\u00e9dio e Grande Porte<br>Mercado, Planejamento e Gest\u00e3o de Neg\u00f3cios<br>Startups, entre outras Variedades de Possibilidades<\/td><\/tr><\/tbody><\/table><\/figure>\n\n\n\n<div class=\"wp-block-columns is-layout-flex wp-container-core-columns-is-layout-9d6595d7 wp-block-columns-is-layout-flex\">\n<div class=\"wp-block-column is-layout-flow wp-block-column-is-layout-flow\">\n<p style=\"font-size:18px\"><\/p>\n\n\n\n<figure class=\"wp-block-table is-style-stripes\"><table><tbody><tr><td><strong>Sobre a Oficina<\/strong><\/td><td><\/td><\/tr><tr><td><strong>*<\/strong> <strong>Oficina:<\/strong> Empreendedorismo<br><strong>*<\/strong> <strong>Data:<\/strong> 26 de agosto, Segunda<br><strong>* Vagas:<\/strong> 20<br><strong>* Obrigat\u00f3rio:<\/strong> Preencher o formul\u00e1rio de inscri\u00e7\u00e3o<br><strong>* Certifica\u00e7\u00e3o:<\/strong> Profissional<br><strong>*<\/strong>&nbsp;<strong>Inscri\u00e7\u00f5es:<\/strong>&nbsp;Abertas<\/td><td><strong>*<\/strong> <strong>Educa\u00e7\u00e3o:<\/strong> Profissional<br><strong>*<\/strong> <strong>Dura\u00e7\u00e3o:<\/strong> 3 Horas<br><strong>*<\/strong> <strong>Turnos:<\/strong> Tarde<br><strong>*<\/strong>&nbsp;<strong>Hor\u00e1rio:<\/strong>&nbsp;14h \u00e0s 17h<br><strong>* Modalidade:<\/strong> Presencial<br><strong>* Valor:<\/strong> Gratuita<\/td><\/tr><\/tbody><\/table><\/figure>\n<\/div>\n<\/div>\n\n\n\n<figure class=\"wp-block-table is-style-stripes\"><table><tbody><tr><td><strong>Pr\u00e9-Inscri\u00e7\u00e3o<\/strong><\/td><\/tr><tr><td>Preencha o formul\u00e1rio abaixo e clique em enviar. Nossa equipe entrar\u00e1 em contato.<\/td><\/tr><\/tbody><\/table><\/figure>\n\n\n<div class=\"wpforms-container wpforms-container-full\" id=\"wpforms-3192\"><form id=\"wpforms-form-3192\" class=\"wpforms-validate wpforms-form\" data-formid=\"3192\" method=\"post\" enctype=\"multipart\/form-data\" action=\"\/index.php\/wp-json\/wp\/v2\/pages\/3198\"><noscript class=\"wpforms-error-noscript\">Ative o JavaScript no seu navegador para preencher este formul\u00e1rio.<\/noscript><div class=\"wpforms-field-container\"><div id=\"wpforms-3192-field_8-container\" class=\"wpforms-field wpforms-field-select\" data-field-id=\"8\"><label class=\"wpforms-field-label\" for=\"wpforms-3192-field_8\">Escolha o Curso:<\/label><select id=\"wpforms-3192-field_8\" class=\"wpforms-field-medium\" name=\"wpforms[fields][8]\"><option value=\"---Nenhum\" >---Nenhum<\/option><option value=\"Oficina: Empreendedorismo. Gratuita\" >Oficina: Empreendedorismo. Gratuita<\/option><\/select><\/div><div id=\"wpforms-3192-field_0-container\" class=\"wpforms-field wpforms-field-name\" data-field-id=\"0\"><label class=\"wpforms-field-label\" for=\"wpforms-3192-field_0\">Nome: <span class=\"wpforms-required-label\">*<\/span><\/label><div class=\"wpforms-field-row wpforms-field-medium\"><div class=\"wpforms-field-row-block wpforms-first wpforms-one-half\"><input type=\"text\" id=\"wpforms-3192-field_0\" class=\"wpforms-field-name-first wpforms-field-required\" name=\"wpforms[fields][0][first]\" placeholder=\"Nome\" required><label for=\"wpforms-3192-field_0\" class=\"wpforms-field-sublabel after wpforms-sublabel-hide\">Nome<\/label><\/div><div class=\"wpforms-field-row-block wpforms-one-half\"><input type=\"text\" id=\"wpforms-3192-field_0-last\" class=\"wpforms-field-name-last wpforms-field-required\" name=\"wpforms[fields][0][last]\" placeholder=\"Sobrenome\" required><label for=\"wpforms-3192-field_0-last\" class=\"wpforms-field-sublabel after wpforms-sublabel-hide\">Sobrenome<\/label><\/div><\/div><\/div><div id=\"wpforms-3192-field_4-container\" class=\"wpforms-field wpforms-field-number\" data-field-id=\"4\"><label class=\"wpforms-field-label\" for=\"wpforms-3192-field_4\">Telefone:<\/label><input type=\"number\" pattern=\"\\d*\" id=\"wpforms-3192-field_4\" class=\"wpforms-field-medium\" name=\"wpforms[fields][4]\" ><\/div><div id=\"wpforms-3192-field_1-container\" class=\"wpforms-field wpforms-field-email\" data-field-id=\"1\"><label class=\"wpforms-field-label\" for=\"wpforms-3192-field_1\">E-mail: <span class=\"wpforms-required-label\">*<\/span><\/label><input type=\"email\" id=\"wpforms-3192-field_1\" class=\"wpforms-field-medium wpforms-field-required\" name=\"wpforms[fields][1]\" required><\/div><div id=\"wpforms-3192-field_7-container\" class=\"wpforms-field wpforms-field-radio\" data-field-id=\"7\"><label class=\"wpforms-field-label\" for=\"wpforms-3192-field_7\">Forma\u00e7\u00e3o:<\/label><ul id=\"wpforms-3192-field_7\"><li class=\"choice-2 depth-1\"><input type=\"radio\" id=\"wpforms-3192-field_7_2\" name=\"wpforms[fields][7]\" value=\"M\u00e9dio\"  ><label class=\"wpforms-field-label-inline\" for=\"wpforms-3192-field_7_2\">M\u00e9dio<\/label><\/li><li class=\"choice-3 depth-1\"><input type=\"radio\" id=\"wpforms-3192-field_7_3\" name=\"wpforms[fields][7]\" value=\"Gradua\u00e7\u00e3o\"  ><label class=\"wpforms-field-label-inline\" for=\"wpforms-3192-field_7_3\">Gradua\u00e7\u00e3o<\/label><\/li><li class=\"choice-4 depth-1\"><input type=\"radio\" id=\"wpforms-3192-field_7_4\" name=\"wpforms[fields][7]\" value=\"P\u00f3s-Gradua\u00e7\u00e3o\"  ><label class=\"wpforms-field-label-inline\" for=\"wpforms-3192-field_7_4\">P\u00f3s-Gradua\u00e7\u00e3o<\/label><\/li><li class=\"choice-5 depth-1\"><input type=\"radio\" id=\"wpforms-3192-field_7_5\" name=\"wpforms[fields][7]\" value=\"Mestrado\"  ><label class=\"wpforms-field-label-inline\" for=\"wpforms-3192-field_7_5\">Mestrado<\/label><\/li><li class=\"choice-6 depth-1\"><input type=\"radio\" id=\"wpforms-3192-field_7_6\" name=\"wpforms[fields][7]\" value=\"Doutorado\"  ><label class=\"wpforms-field-label-inline\" for=\"wpforms-3192-field_7_6\">Doutorado<\/label><\/li><\/ul><\/div><div id=\"wpforms-3192-field_13-container\" class=\"wpforms-field wpforms-field-textarea\" data-field-id=\"13\"><label class=\"wpforms-field-label\" for=\"wpforms-3192-field_13\">D\u00favidas, Coment\u00e1rios, Sugest\u00f5es de Cursos:<\/label><textarea id=\"wpforms-3192-field_13\" class=\"wpforms-field-medium\" name=\"wpforms[fields][13]\" ><\/textarea><\/div><\/div><div class=\"wpforms-submit-container\" ><input type=\"hidden\" name=\"wpforms[id]\" value=\"3192\"><input type=\"hidden\" name=\"wpforms[author]\" value=\"3\"><button type=\"submit\" name=\"wpforms[submit]\" class=\"wpforms-submit \" id=\"wpforms-submit-3192\" value=\"wpforms-submit\" aria-live=\"assertive\" >Enviar<\/button><\/div><\/form><\/div>  <!-- .wpforms-container -->","protected":false},"excerpt":{"rendered":"<p>Empreendedorismo Educa\u00e7\u00e3o Profissional Curso Curta Dura\u00e7\u00e3o:Oficina Empreendedorismo Modalidade:Presencial Empreendedorismo Inscri\u00e7\u00f5es Abertas O Centro de Forma\u00e7\u00e3o Profissional de Comunica\u00e7\u00e3o &#8211; CFPC est\u00e1 com as inscri\u00e7\u00f5es abertas para a Oficina em Empreendedorismo. Data: 26 de agosto; Carga-hor\u00e1ria: 3 horas; Hor\u00e1rio: Das 14h \u00e0s 17h; Modalidade: Presencial, Valor: Oficina Gratuita com Certificado. Perfil Profissional Conhecimentos interdisciplinares relacionados aos [&hellip;]<\/p>\n","protected":false},"author":3,"featured_media":0,"parent":0,"menu_order":0,"comment_status":"closed","ping_status":"closed","template":"","meta":{"footnotes":""},"class_list":["post-3198","page","type-page","status-publish","hentry"],"_links":{"self":[{"href":"https:\/\/cfpc-am.com.br\/index.php\/wp-json\/wp\/v2\/pages\/3198","targetHints":{"allow":["GET"]}}],"collection":[{"href":"https:\/\/cfpc-am.com.br\/index.php\/wp-json\/wp\/v2\/pages"}],"about":[{"href":"https:\/\/cfpc-am.com.br\/index.php\/wp-json\/wp\/v2\/types\/page"}],"author":[{"embeddable":true,"href":"https:\/\/cfpc-am.com.br\/index.php\/wp-json\/wp\/v2\/users\/3"}],"replies":[{"embeddable":true,"href":"https:\/\/cfpc-am.com.br\/index.php\/wp-json\/wp\/v2\/comments?post=3198"}],"version-history":[{"count":14,"href":"https:\/\/cfpc-am.com.br\/index.php\/wp-json\/wp\/v2\/pages\/3198\/revisions"}],"predecessor-version":[{"id":3788,"href":"https:\/\/cfpc-am.com.br\/index.php\/wp-json\/wp\/v2\/pages\/3198\/revisions\/3788"}],"wp:attachment":[{"href":"https:\/\/cfpc-am.com.br\/index.php\/wp-json\/wp\/v2\/media?parent=3198"}],"curies":[{"name":"wp","href":"https:\/\/api.w.org\/{rel}","templated":true}]}}